omposite?
False
Suppose 64*b + 226889 = 77*b. Is b prime?
False
Let z(u) = 465*u + 73. Suppose -3*r + 66 = 18. Is z(r) prime?
False
Suppose 112*w = 117*w + 2*p - 8671761, -2*w + 5*p + 3468658 = 0. Is w a composite number?
False
Suppose 1556 = -3*x - p - 0*p, p + 518 = -x. Let o = x - -1054. Is o a prime number?
False
Suppose -5*m = -5*y - 56 + 3046, -4*y + 2*m = -2384. Let j(g) = 20*g**2 + 6*g + 11. Let d be j(-8). Let p = d - y. Is p composite?
True
Let u = -4130 - -11451. Is u prime?
True
Let o = -13237 - -22658. Let w = o + -6408. Is w prime?
False
Is (-424)/20*-655 + -13 composite?
False
Let n(g) = 3*g + 4. Let c be n(0). Suppose c*s = 7 + 17. Let q(r) = 204*r - 1. Is q(s) composite?
False
Let d(l) = l**3 + 14*l**2 + 17*l + 17. Suppose -c = 2*c + 36. Let f be d(c). Let a = f - 44. Is a a composite number?
True
Let l(m) = m**2 + 12*m + 24. Let r be l(-11). Suppose 12*h = -r - 11. Is 43*(h + 4/1) composite?
True
Is 13120 - (-11 + 1 - -13) a composite number?
True
Suppose -2*n + 90 = 3*n. Suppose -40 = 3*q + c, 5*c = 4*q + c + 80. Is (-2508)/(-15) + (n/q)/6 composite?
False
Let b(x) = x**2 + 16*x + 56. Let m be b(-10). Let z(d) = 13*d**2 + 8*d + 47. Is z(m) prime?
True
Suppose -11*h + 32 = 5*h. Is h/5*2/(4/41315) prime?
True
Is (-7 - -12) + (-88632)/(-6) composite?
True
Let c be 1/(-2) + 0 + (-30)/(-4). Suppose -c*d = 5*d - 8508. Is d a composite number?
False
Let y(z) = -29*z**3 + 27*z**2 + 80*z + 17. Let f(d) = 14*d**3 - 13*d**2 - 40*d - 8. Let q(c) = -13*f(c) - 6*y(c). Is q(-5) a prime number?
True
Suppose 0 = 4*a + 3*z - 221420, 32*z - 29*z = 4*a - 221372. Is a a prime number?
False
Let f(y) = 10179*y**2 + 435*y + 37. Is f(-12) a composite number?
False
Let y be (-2)/(2/(-5)) + 1. Suppose 12*h - y*h = 34620. Suppose h = 5*u + 885. Is u composite?
False
Suppose 110*y = 224*y - 27569418. Is y composite?
True
Let n be (-8 + 7)/((-3)/(-165)). Let k = -55 - n. Suppose 5*l + 5*t - 9000 = k, 3*t - 2414 = -l - 604. Is l composite?
True
Let a be (-12)/4 - -2 - (-16720 - 2). Suppose -5*x = 2*w - a, 3*w - 54*x = -57*x + 25068. Is w a prime number?
True
Let v(u) be the third derivative of 7*u**5/15 + 17*u**4/24 - 73*u**3/6 - 14*u**2. Is v(-10) prime?
True
Let z be 6 + 2*6/(-3) + 318. Let g = z + -237. Is g a composite number?
False
Suppose 4*k + 5680 = 4*s, -2*s - 2348 = 2*k + 500. Let g be (-3)/(-12)*-2*(-4 + 5186). Let c = k - g. Is c a prime number?
False
Let f = -2005 - -3601. Let k = f + -1103. Is k a composite number?
True
Suppose -2002 + 1912 = -2*n. Is (n/10 - 4)/((-2)/(-4220)) a prime number?
False
Is (116804 - -98)*1/2 a composite number?
False
Let f be ((-54)/4)/((-54)/72). Is 4/f - 11426/(-18) prime?
False
Let j = 14985 + -21150. Let u = 9106 + j. Is u prime?
False
Let k = 141434 - 9117. Is k prime?
False
Let x(p) = 8*p**2 - 37. Let h be -3 + 2 + (-1 - -4). Suppose -h*y + 9 = -5*c + 24, 3*c = 3*y. Is x(c) prime?
True
Suppose 0 = -n + 5*u - 12, -u = -4*n + 8*n - 36. Is -2019*(125/(-15) + n) composite?
False
Is (-5)/(105/(-9))*(11 - -113270) a prime number?
False
Suppose 2*f = 5*u - 214613, -5*f + 66766 = 3*u - 62008. Is u composite?
False
Suppose 0 = -2*q - 3*r + 547 + 2586, 0 = -5*q - 5*r + 7845. Is q a prime number?
False
Is (48/(-21) - -2)/(20/(-18674180)) prime?
False
Suppose 2*t - 5*w - 11 = 0, 2*w - 50 = 5*t + 5*w. Is 656 - (t - (3 + -4)) a composite number?
True
Let v(c) = -4*c**3 + 7*c**2 + 10*c - 15. Suppose 66 - 24 = -7*s. Is v(s) composite?
True
Suppose -5*x - 19 + 134 = -5*s, -4*s + 16 = 0. Suppose 4*r = -x*r + 133951. Is r prime?
False
Let y(g) = 2 + 3*g + 2*g**2 - 673*g**3 + 3*g**2 - 4*g**2. Let r be (-108)/(-36)*(-2)/6*1. Is y(r) a composite number?
False
Suppose 0*m = -2*m + 4. Let d(j) = -3*j + m + 1 + 22*j**2 - 3*j. Is d(-5) a composite number?
True
Let f(u) = 13*u - 12. Let p be f(5). Let j = 55 - p. Suppose 4*k = j*n - 614, n - 200 = 5*k + 107. Is n a composite number?
False
Let o = -15 + 22. Let j(n) = -2*n**3 - n - 1. Let v(c) = -7*c**3 + 4*c**2 + 2*c + 3. Let x(h) = 3*j(h) - v(h). Is x(o) a prime number?
False
Let g(c) = -c**2 + 5*c - 6. Let m be g(-5). Is 3974 + (-15 - m/7) a composite number?
False
Let c = 2949551 - 1607536. Is c composite?
True
Let p be 1*(147 - -4 - 5). Suppose -481 - p = -3*m. Is m composite?
True
Let v be 40361 - 1/3*0/4. Suppose -5*s + v = -4224. Is s prime?
False
Suppose -1247579 = -z - d, -5*z + 23*d - 25*d + 6237919 = 0. Is z prime?
False
Suppose 503*b - 566*b + 1203489 = 0. Is b composite?
True
Let y = 815 + -816. Let j(v) be the third derivative of -16*v**6/15 - v**5/30 - v**4/12 - v**3/6 - v**2. Is j(y) a composite number?
False
Suppose 6*c + 1 = 2*c + i, 5*c - 3*i = -3. Suppose 16 = -u + 4*q, 5*u + 131 = 3*q - c*q. Is 14/u*106/(-1) prime?
True
Let o be 41944/8 - (2 + -3). Suppose 4*s - 33 = 11. Suppose -s*b + o = b. Is b a prime number?
False
Suppose o - 3*s - 2843 = 0, -2*o - 4*s + 982 = -4734. Let x = 12 - 8. Suppose -5*r + 10*r + 4*t - 3570 = 0, x*t = -4*r + o. Is r composite?
True
Let s be 5/(-20) - (-2 - 1969/4). Let c = s + 168. Is c prime?
False
Let r be ((-888)/(-18))/((-1)/3 - 0). Is (-3 + r/(-12))*(-1041)/(-4) composite?
True
Let k be -18*7/(-21)*1. Suppose k*t = 42838 - 424. Is t prime?
True
Suppose -2*f - 22 = 4*n, -n - 3*n = -4*f - 8. Is (-3 - -318) + (4 + f - -5) a prime number?
False
Suppose -8544482 = -382*a + 2668364. Is a a composite number?
True
Let r(t) = -69*t**2 - 26*t + 37. Let c(d) = -69*d**2 - 26*d + 36. Let l(v) = -5*c(v) + 4*r(v). Is l(13) a prime number?
False
Let l = 8353 - 5636. Suppose 0 = -2*d + 5*s - 2*s + l, 4*d - 5467 = -5*s. Is d a prime number?
False
Suppose -5*i - 4*a + 7735 = -4580, 5*i = -2*a + 12305. Is i prime?
True
Suppose -3*d + 18 = 5*r, -3*d + 2*d = -4*r + 11. Suppose 3*u - 6 = -30. Is d*(-4)/(u/158) a prime number?
True
Let x(y) be the second derivative of y**6/72 + 17*y**5/60 - y**4/12 + 11*y**3/6 + 5*y. Let h(g) be the second derivative of x(g). Is h(-15) a composite number?
False
Suppose 5*g + 20*m - 24*m = 324173, 0 = 3*g - 6*m - 194493. Is g a prime number?
False
Suppose -239*d + 3457805 = -226*d. Is d prime?
False
Suppose -9*g + 227324 + 2507329 = -952566. Is g prime?
True
Suppose 5*a - 5*q + 1829 - 22124 = 0, 3*q - 16201 = -4*a. Let h = a + -1721. Is h composite?
False
Is (-6)/(-12) + -3 + 4 + 740431/2 prime?
True
Let x(u) be the first derivative of -2*u**3 - u**2 + 25*u + 6. Let i be x(11). Let t = 1468 + i. Is t a composite number?
True
Let m(p) = -p**2 - 19*p - 54. Let v be m(-16). Is 5440 - v*30/(-36) composite?
True
Let r be -185*(172/(-20) + 3). Suppose -2*y + 2116 = 4*p, -y + 3*p + 12 = -r. Suppose -3*g + y + 437 = 0. Is g prime?
False
Let l(b) = -10584*b + 12119. Is l(-10) prime?
True
Is (14 - (-20 - -23))*2111 prime?
False
Let f(i) be the first derivative of 83*i**2 + 14*i + 9. Is f(2) a prime number?
False
Suppose 0 = -19*k + 1248863 + 859594 - 127916. Is k a composite number?
False
Let r(c) = 281*c + 43. Let d(p) = -279*p - 44. Let v(z) = -3*d(z) - 4*r(z). Is v(-7) composite?
True
Let v = 762268 + -379110. Is v composite?
True
Suppose 12*d - 234962 = -2*k, 10 = 4*d - 26. Is k composite?
False
Suppose 3 = -5*o + 53. Let v be (30605/o)/1 + 1/2. Suppose -710 = -3*m + v. Is m prime?
False
Suppose 2*w = -7*w + 164808. Let k = -12149 + w. Is k composite?
False
Let o = 182243 + -50836. Is o prime?
False
Let m(d) = -d**2 + 7*d - 13. Let y be m(8). Let k(t) be the second derivative of t**5/20 + 13*t**4/6 + 23*t**3/6 + 19*t**2/2 - 66*t. Is k(y) a composite number?
False
Suppose -5685 = -3*q - 1743. Let l = -317 + 457. Let s = l + q. Is s composite?
True
Let o = -500851 - -833292. Is o prime?
True
Let f = 918 - 331. Let q = 1108 - f. Is q prime?
True
Let b(d) = -474*d**3 - 8*d**2 - 9*d - 6. Is b(-7) prime?
False
Let c(k) = 434*k**2 + 3*k - 4. Let p(v) = -v + 1. Let z(h) = c(h) + 2*p(h). Let w be z(1). Suppose 4*i - 859 - w = 0. Is i prime?
False
Suppose 36*z - 66*z = -28650. Is z prime?
False
Suppose 14*f - 9*f = 15. Suppose -t = -5*k + 107, -2*t - f*t + 5*k - 575 = 0. Is (51/9)/((-3)/t) a prime number?
False
Let v = -14634 - -31297. Is v composite?
True
Suppose -5*j = -2*j - 33. Suppose 7*z = 2*i + j*z - 2226, -3*i + 3353 = -z. Is i prime?
True
Suppose 226334 + 91770 = 8*w. Is w a composite number?
True
Let s(m) = 16*m**3 - 4*m